e 2*b - v - 97 = -9, -2*b + 3*v = -88. Suppose 6*x - b - 424 = 0. List the prime factors of x.
2, 3, 13
Let g(z) = -z + 3. Suppose 2*p + 46 - 2 = 3*l, -5*l + 3*p + 72 = 0. Suppose -l = 4*u, 5*c + 6 + 7 = 4*u. List the prime factors of g(c).
2
Let f(i) = i**2 + 13*i - 7. Let n be f(10). Suppose 3*r = -4*q - 2659, r - 4*q + n + 674 = 0. What are the prime factors of r/(-42) + (-1)/6?
3, 7
Suppose -4*w - w = -25. Suppose -4*c + 76 = -w*g, 3*c - 25 = 4*g + 35. Let f = 33 + g. What are the prime factors of f?
3, 7
Let q be 2/(-7) - (-2994)/42. Suppose -q = -2*k + 17. What are the prime factors of k?
2, 11
Let i(c) = 334*c - 4. What are the prime factors of i(4)?
2, 3, 37
Let b = 21 + -19. Suppose 2*h - 8 = -b*h. Suppose c - 2*t - 46 = h*t, 205 = 4*c + 5*t. List the prime factors of c.
2, 5
Suppose -3980 = -26*f + 22*f. What are the prime factors of f?
5, 199
Suppose 10*h = -2*j + 14*h + 1294, -5*h - 2576 = -4*j. What are the prime factors of j?
3, 71
Let z be -13 + -2*1/1. Let w = z + 38. What are the prime factors of w?
23
Suppose -27927 = -10*w + 27873. What are the prime factors of w?
2, 3, 5, 31
Suppose 0 = 4*p - 2*w - 3674, 2*p - 5*w - 1849 = -0*p. What are the prime factors of p?
7, 131
Suppose 3*w - 858 = -315. Suppose -2*p = 2*c - 58 + 172, -p = 3*c + w. Let z = c - -133. List the prime factors of z.
71
Suppose -4*z - 2*n - 50 = z, 4*z - 3*n = -40. Let c = z + 11. Let k = c + 25. What are the prime factors of k?
2, 13
Let n(p) = 3*p - 12 - 5*p + 3. Let y be n(-7). List the prime factors of 258/y - (-18)/(-30).
3, 17
Let s = -1670 + 3432. What are the prime factors of s?
2, 881
Let k(f) = -13*f - 44. Let q be k(-4). Let z(o) = 7*o + 0*o**2 - o**2 + 18 + 0. List the prime factors of z(q).
2, 5
Suppose -2*x + 1 = -19. What are the prime factors of 1 - 4 - (-235 + (x - 4))?
2, 113
Let w(p) = 14*p**2 + 15*p - 11. Let a(r) = 5*r**2 + 5*r - 4. Let v(l) = 11*a(l) - 4*w(l). Let z be v(-4). Suppose -25 = z*i - 101. List the prime factors of i.
19
Suppose 3*j - 23 = -2*b, -2*j + 22 = 2*b + b. Suppose -4*w + 59 = -w - b*h, -5*h + 47 = 2*w. Suppose -22*r = -w*r - 3. List the prime factors of r.
3
Let u = -109 - -50. Let q = -13 - u. What are the prime factors of q?
2, 23
Suppose 0 = -35*p + 25*p + 16470. List the prime factors of p.
3, 61
Let c(d) = -5*d**3 - 5*d**2 - 5*d - 2. Let g be c(-3). Suppose -5*i - o - 194 = -13, 0 = 3*i + 2*o + g. Let y = i + 57. What are the prime factors of y?
2, 5
Let u(a) = 90*a**2 + 11*a + 27. List the prime factors of u(4).
1511
Let m = -27 - -48. Suppose 168 = -18*i + m*i. What are the prime factors of i?
2, 7
Let g(f) = -265*f - 68. What are the prime factors of g(-4)?
2, 31
Suppose 3*q = -3*x - 9, -q - 3*q - 14 = 3*x. What are the prime factors of (-28)/(-6)*(q + 35)?
2, 5, 7
Let l(y) = 18*y + 31. Let w(k) = -k - 1. Let j(o) = -l(o) - 3*w(o). List the prime factors of j(-8).
2, 23
Suppose 7*t - 1654 = -184. Let l = t + -137. What are the prime factors of l?
73
Let n(u) = -u**2 - 7*u - 1. Suppose 5 - 9 = i. Let a be n(i). Suppose -2*b + a = -b. List the prime factors of b.
11
Let z = -226 + 390. What are the prime factors of z?
2, 41
Suppose -c = -3*r - 1201, c + r - 1097 = 84. List the prime factors of c.
2, 593
Let y(p) = 68*p - 34. Let r = -42 - -46. List the prime factors of y(r).
2, 7, 17
List the prime factors of 8/28 - 10210/(-35).
2, 73
Suppose 26*h - 2686 = 37900. List the prime factors of h.
7, 223
Suppose -4*z - z = 450. List the prime factors of 10/4*z/(-3).
3, 5
Suppose b + 59 - 1175 = -4*l, -b + 2*l + 1086 = 0. List the prime factors of b.
2, 137
Suppose 0 = 9*j + 52 + 11. Let n(y) = y**2 - 25*y - 4. What are the prime factors of n(j)?
2, 5, 11
Suppose -12 = -3*s - 2*k + 4, -s + 27 = 5*k. Suppose -5*i - 1 = 4, -s*u + 4*i - 68 = 0. List the prime factors of (8/(-16))/(2/u).
3
Let b(f) = 6*f**2 + 69*f + 151. What are the prime factors of b(-22)?
29, 53
Let w = -3432 + 6019. What are the prime factors of w?
13, 199
Let c = 19 - 14. Suppose 12 + 23 = c*y. Suppose y*z = 6*z + 30. List the prime factors of z.
2, 3, 5
Let s be (16/(-20))/((-4)/50). Let f = -2 + s. Suppose 3*b + 5*g + 30 = f*b, 0 = 4*b - 2*g - 22. List the prime factors of b.
5
Let x(p) = -p**3 + 3*p - 2*p - 4 + 14 + p**2 + 10. Let w be x(0). Suppose -7*y + w = -2*y. List the prime factors of y.
2
Suppose 0 = -4*s - 4*s - 304. Let p be 2 + (-8)/2 + 13. Let x = p - s. List the prime factors of x.
7
Suppose -2*v = 2*v - 716. Let n = v + -118. What are the prime factors of n?
61
Let z be 8/20 - (-1032)/20. Let d be z + 0 + -2 + 5. Suppose 0 = 9*w - 4*w - d. List the prime factors of w.
11
Let w(o) = o + 2. Let y be w(2). Let c(i) = -i**2 + 7*i - 6. Let h be c(5). Suppose -h*q = -9*q - y*u + 121, 3*q - 51 = 3*u. What are the prime factors of q?
3, 7
Let n(o) = 14*o**2 + 7*o - 57. List the prime factors of n(9).
2, 3, 5, 19
What are the prime factors of (-21)/(-3) + -13 + 4 - -3183?
3181
Suppose -84 = 3*l - 4*l. What are the prime factors of l?
2, 3, 7
Suppose -31*p + 35218 = -1517. What are the prime factors of p?
3, 5, 79
List the prime factors of (-4)/14 - ((-5991)/21 - 4).
17
Let x = -13 - -15. Let j(o) = 3 + 6 - 2*o**3 + 6*o**x + o**3 - 3. What are the prime factors of j(5)?
31
Suppose -2*h + 4*k = -0*k - 16, 0 = 3*k - 3. Suppose 5*t + 56 + 109 = 4*n, 0 = 2*t + h. What are the prime factors of n?
5, 7
Suppose 5*o - 3751 = -2*d, -9*d - 10 = -4*d. List the prime factors of o.
751
Suppose 4*t - 3*h - 26 = 0, t + 7 = 2*t - h. Let f(s) = -856*s + 864*s - 1 - 5. What are the prime factors of f(t)?
2, 17
Let k(l) = l**2 - 6*l + 7. Let q be k(5). Suppose 7 = 3*g - q. Suppose -2*b + 295 = 5*u, g*u + 4*b = 7*b + 198. What are the prime factors of u?
61
Let c = -18 - -17. List the prime factors of 44/(c/(9/(-6))).
2, 3, 11
Let b = 8 + 18. Let c = b + 7. List the prime factors of c.
3, 11
Let a(f) = -f**2 + 5*f - 1. Let o be a(3). Let z be (4/o)/(2/(-10)). What are the prime factors of 6/(-8)*z + 1?
2
Let x(o) = o**2 + 8*o. Let g be x(9). Let v = -105 + g. What are the prime factors of v?
2, 3
Let d = 45 - -691. List the prime factors of d.
2, 23
Suppose 2*k = 4*k. Suppose -5*f + 4*i = -574 + 99, k = 4*i - 20. List the prime factors of f.
3, 11
Let j = 3 + 3. Suppose -8*m = -j*m - 30. Suppose -c + m = -0*c. List the prime factors of c.
3, 5
Suppose 0 = 6*s + 98 - 482. Let p = 17 + s. List the prime factors of p.
3
Let u(s) = -s**2 - 5*s + 1. Let d be u(-5). Let m(h) be the third derivative of h**6/6 + h**5/60 - h**4/24 - 4*h**2 - 6. What are the prime factors of m(d)?
2, 5
Let w(l) = 4*l**3 + 7*l**2 - 5*l + 44. Let k(i) = 7*i**3 + 13*i**2 - 9*i + 89. Let v(c) = 6*k(c) - 11*w(c). List the prime factors of v(0).
2, 5
Let l(j) = -7*j + 0*j - 19*j. Let f = 99 + -101. What are the prime factors of l(f)?
2, 13
Let x be (3/(-3))/(-1) - 5. Let f be 62/x + (-5)/(-10). What are the prime factors of (-10)/f*(-45)/(-2)?
3, 5
Let x = 7454 - 1773. What are the prime factors of x?
13, 19, 23
Suppose 0 = u + 4*n - 2343, 17*n - 7074 = -3*u + 20*n. What are the prime factors of u?
3, 5, 157
Suppose -t + 1 = -2*m, -t + 5*m - 4 = -5. Let z be 0 + (1 - (-8 - -1)). List the prime factors of (z + t)*99/27.
3, 11
Let c(t) = -85*t - 24. List the prime factors of c(-4).
2, 79
Let z be 6*85/10*-4. List the prime factors of (z/30)/((-2)/10).
2, 17
Let l = -20 - -29. Suppose 3*o - 22 = 5*v - 0*o, v - 2*o + 3 = 0. Let n = l - v. What are the prime factors of n?
2, 7
Let b = 913 + -511. List the prime factors of b.
2, 3, 67
Let k(g) be the first derivative of 6*g**2 - 2*g - 1. Let n be k(1). What are the prime factors of (-1)/(-1) + 16 + n?
3
Suppose -2*q = -5*x - 7*q - 15, 5*x + q + 19 = 0. Let h be ((-16)/24)/(x/18). List the prime factors of h + (-4 - -3)*-2.
5
Let s = 905 - 35. What are the prime factors of s?
2, 3, 5, 29
Suppose 2*n - x = 4*x + 1135, n + 4*x = 535. Let j = n + -371. What are the prime factors of j?
2, 23
Suppose 4*r - 8*r = -16. Suppose -22 = g + r*b, 4*b - 12 = b. What are the prime factors of g*((-15)/6 - -2)?
19
List the prime factors of (-64 - -17)*(-29 + 0).
29, 47
Let x(h) = 318*h - 614. List the prime factors of x(10).
2, 1283
Let x(y) = -y**3 + 14*y**2 - y + 8. Let q be x(14). What are the prime factors of (-4)/(-3)*(q - -18)?
2
Suppose 0 = s + r + 4*r, 